{"id":30016,"date":"2021-03-09T11:14:49","date_gmt":"2021-03-09T10:14:49","guid":{"rendered":"http:\/\/solidarite-handicap.ch\/wordp\/?page_id=30016"},"modified":"2021-05-19T08:52:57","modified_gmt":"2021-05-19T06:52:57","slug":"mouvements-en-musique","status":"publish","type":"page","link":"https:\/\/solidarite-handicap.ch\/wordp\/liste-des-cours-fcpa\/cours-en-ligne\/mouvements-en-musique\/","title":{"rendered":"Mouvements en musique"},"content":{"rendered":"\n<p><img loading=\"lazy\" decoding=\"async\" class=\"wp-image-29926 size-full alignleft\" src=\"https:\/\/solidarite-handicap.ch\/wordp\/wp-content\/uploads\/2021\/03\/Capture-de\u0301cran-2021-03-08-a\u0300-17.31.11.png\" alt=\"\" width=\"153\" height=\"127\" srcset=\"https:\/\/solidarite-handicap.ch\/wordp\/wp-content\/uploads\/2021\/03\/Capture-de\u0301cran-2021-03-08-a\u0300-17.31.11.png 153w, https:\/\/solidarite-handicap.ch\/wordp\/wp-content\/uploads\/2021\/03\/Capture-de\u0301cran-2021-03-08-a\u0300-17.31.11-48x40.png 48w, https:\/\/solidarite-handicap.ch\/wordp\/wp-content\/uploads\/2021\/03\/Capture-de\u0301cran-2021-03-08-a\u0300-17.31.11-36x30.png 36w\" sizes=\"auto, (max-width: 153px) 100vw, 153px\" \/><br>Cours par vid\u00e9o.<br>Enseignante: <strong>Mme Anne-Sophie Bovet<\/strong><br>Cliquez sur la s\u00e9ance pour d\u00e9couvrir <strong>les vid\u00e9os des exercices<\/strong>. <br>Utilisez le mot de passe imprim\u00e9 sur votre confirmation.<\/p>\n<p>&nbsp;<\/p>\n\n\n\n<p><a href=\"https:\/\/solidarite-handicap.ch\/wordp\/liste-des-cours-fcpa\/cours-en-ligne\/mouvements-en-musique\/mouvements-en-musique-seance-1\/\">1 &#8211; Mouvements en musique s\u00e9ance 1 <\/a><\/p>\n<p><a href=\"https:\/\/solidarite-handicap.ch\/wordp\/liste-des-cours-fcpa\/cours-en-ligne\/mouvements-en-musique\/mouvements-en-musique-seance-2\/\">2 &#8211; Mouvements en musique s\u00e9ance 2<\/a><\/p>\n<p><a href=\"https:\/\/solidarite-handicap.ch\/wordp\/liste-des-cours-fcpa\/cours-en-ligne\/mouvements-en-musique\/mouvements-en-musique-seance-3\/\">3 &#8211; Mouvements en musique s\u00e9ance 3<\/a><\/p>\n<p><a href=\"https:\/\/solidarite-handicap.ch\/wordp\/liste-des-cours-fcpa\/cours-en-ligne\/mouvements-en-musique\/mouvements-en-musique-seance-4\/\">4 &#8211; Mouvements en musique s\u00e9ance 4<\/a><\/p>\n<p><a href=\"https:\/\/solidarite-handicap.ch\/wordp\/liste-des-cours-fcpa\/cours-en-ligne\/mouvements-en-musique\/mouvements-en-musique-seance-5\/\">5 &#8211; Mouvements en musique s\u00e9ance 5<\/a><\/p>\n<p><a href=\"https:\/\/solidarite-handicap.ch\/wordp\/liste-des-cours-fcpa\/cours-en-ligne\/mouvements-en-musique\/mouvements-en-musique-seance-6\/\">6 &#8211; Mouvements en musique s\u00e9ance 6<\/a><\/p>\n<p><a href=\"https:\/\/solidarite-handicap.ch\/wordp\/liste-des-cours-fcpa\/cours-en-ligne\/mouvements-en-musique\/mouvements-en-musique-seance-7\/\">7 &#8211; Mouvements en musique s\u00e9ance 7<\/a><\/p>\n<p><a href=\"https:\/\/solidarite-handicap.ch\/wordp\/liste-des-cours-fcpa\/cours-en-ligne\/mouvements-en-musique\/mouvements-en-musique-seance-8\/\"><span style=\"background-color: #ffff00;\"><strong>8 &#8211; Mouvements en musique s\u00e9ance 8<\/strong><\/span><\/a><\/p>\n<p><span style=\"background-color: #ffff00;\"><a style=\"background-color: #ffff00;\" href=\"https:\/\/solidarite-handicap.ch\/wordp\/liste-des-cours-fcpa\/cours-en-ligne\/mouvements-en-musique\/mouvements-en-musique-seance-9\/\"><strong>9 &#8211; Mouvements en musique s\u00e9ance 9<\/strong><\/a><\/span><\/p>\n\n\n\n<p><\/p>\n","protected":false},"excerpt":{"rendered":"<p>Cours par vid\u00e9o.Enseignante: Mme Anne-Sophie BovetCliquez sur la s\u00e9ance pour d\u00e9couvrir les vid\u00e9os des exercices. Utilisez le mot de passe imprim\u00e9 sur votre confirmation. &nbsp; 1 &#8211; Mouvements en musique s\u00e9ance 1 2 &#8211; Mouvements en musique s\u00e9ance 2 3 &#8211; Mouvements en musique s\u00e9ance 3 4 &#8211; Mouvements en musique s\u00e9ance 4 5 &#8211; [&hellip;]<\/p>\n","protected":false},"author":1,"featured_media":0,"parent":29820,"menu_order":0,"comment_status":"closed","ping_status":"closed","template":"","meta":{"footnotes":""},"class_list":["post-30016","page","type-page","status-publish","hentry"],"_links":{"self":[{"href":"https:\/\/solidarite-handicap.ch\/wordp\/wp-json\/wp\/v2\/pages\/30016","targetHints":{"allow":["GET"]}}],"collection":[{"href":"https:\/\/solidarite-handicap.ch\/wordp\/wp-json\/wp\/v2\/pages"}],"about":[{"href":"https:\/\/solidarite-handicap.ch\/wordp\/wp-json\/wp\/v2\/types\/page"}],"author":[{"embeddable":true,"href":"https:\/\/solidarite-handicap.ch\/wordp\/wp-json\/wp\/v2\/users\/1"}],"replies":[{"embeddable":true,"href":"https:\/\/solidarite-handicap.ch\/wordp\/wp-json\/wp\/v2\/comments?post=30016"}],"version-history":[{"count":10,"href":"https:\/\/solidarite-handicap.ch\/wordp\/wp-json\/wp\/v2\/pages\/30016\/revisions"}],"predecessor-version":[{"id":31057,"href":"https:\/\/solidarite-handicap.ch\/wordp\/wp-json\/wp\/v2\/pages\/30016\/revisions\/31057"}],"up":[{"embeddable":true,"href":"https:\/\/solidarite-handicap.ch\/wordp\/wp-json\/wp\/v2\/pages\/29820"}],"wp:attachment":[{"href":"https:\/\/solidarite-handicap.ch\/wordp\/wp-json\/wp\/v2\/media?parent=30016"}],"curies":[{"name":"wp","href":"https:\/\/api.w.org\/{rel}","templated":true}]}}