{"id":30018,"date":"2021-03-09T11:15:21","date_gmt":"2021-03-09T10:15:21","guid":{"rendered":"http:\/\/solidarite-handicap.ch\/wordp\/?page_id=30018"},"modified":"2021-05-19T08:58:20","modified_gmt":"2021-05-19T06:58:20","slug":"yoga-initiation","status":"publish","type":"page","link":"https:\/\/solidarite-handicap.ch\/wordp\/liste-des-cours-fcpa\/cours-en-ligne\/yoga-initiation\/","title":{"rendered":"Yoga initiation"},"content":{"rendered":"\n<p><img loading=\"lazy\" decoding=\"async\" class=\"wp-image-29925 size-full alignleft\" src=\"https:\/\/solidarite-handicap.ch\/wordp\/wp-content\/uploads\/2021\/03\/Capture-de\u0301cran-2021-03-08-a\u0300-17.31.17.png\" alt=\"\" width=\"133\" height=\"112\" srcset=\"https:\/\/solidarite-handicap.ch\/wordp\/wp-content\/uploads\/2021\/03\/Capture-de\u0301cran-2021-03-08-a\u0300-17.31.17.png 133w, https:\/\/solidarite-handicap.ch\/wordp\/wp-content\/uploads\/2021\/03\/Capture-de\u0301cran-2021-03-08-a\u0300-17.31.17-48x40.png 48w, https:\/\/solidarite-handicap.ch\/wordp\/wp-content\/uploads\/2021\/03\/Capture-de\u0301cran-2021-03-08-a\u0300-17.31.17-36x30.png 36w\" sizes=\"auto, (max-width: 133px) 100vw, 133px\" \/><br>Cours par vid\u00e9o.<br>Enseignante: <strong>Mme Loriane Perriard<\/strong><br>Cliquez sur la s\u00e9ance pour d\u00e9couvrir <strong>les vid\u00e9os des exercices<\/strong>. <br>Utilisez le mot de passe imprim\u00e9 sur votre confirmation.<\/p>\n\n\n\n<p>1 &#8211; <a href=\"https:\/\/solidarite-handicap.ch\/wordp\/liste-des-cours-fcpa\/cours-en-ligne\/yoga-initiation\/yoga-initiation-seance-1\/\">Yoga s\u00e9ance 1 <\/a><\/p>\n<p>2 &#8211; <a href=\"https:\/\/solidarite-handicap.ch\/wordp\/liste-des-cours-fcpa\/cours-en-ligne\/yoga-initiation\/yoga-initiation-seance-2\/\">Yoga s\u00e9ance 2<\/a><\/p>\n<p>3 &#8211; <a href=\"https:\/\/solidarite-handicap.ch\/wordp\/liste-des-cours-fcpa\/cours-en-ligne\/yoga-initiation\/yoga-initiation-seance-3\/\">Yoga s\u00e9ance 3<\/a><\/p>\n<p><a href=\"https:\/\/solidarite-handicap.ch\/wordp\/liste-des-cours-fcpa\/cours-en-ligne\/yoga-initiation\/yoga-initiation-seance-4\/\">4 &#8211; Yoga s\u00e9ance 4<\/a><\/p>\n<p><a href=\"https:\/\/solidarite-handicap.ch\/wordp\/liste-des-cours-fcpa\/cours-en-ligne\/yoga-initiation\/yoga-initiation-seance-5\/\">5 &#8211; Yoga s\u00e9ance 5<\/a><\/p>\n<p><span style=\"background-color: #ffff00;\"><strong><a style=\"background-color: #ffff00;\" href=\"https:\/\/solidarite-handicap.ch\/wordp\/liste-des-cours-fcpa\/cours-en-ligne\/yoga-initiation\/yoga-initiation-seance-6\/\">6 &#8211; Yoga s\u00e9ance 6<\/a><\/strong><\/span><\/p>\n<p><a href=\"https:\/\/solidarite-handicap.ch\/wordp\/liste-des-cours-fcpa\/cours-en-ligne\/yoga-initiation\/yoga-initiation-seance-7\/\"><span style=\"background-color: #ffff00;\"><strong>7 &#8211; Yoga s\u00e9ance 7<\/strong><\/span><\/a><\/p>\n<p><a href=\"https:\/\/solidarite-handicap.ch\/wordp\/liste-des-cours-fcpa\/cours-en-ligne\/yoga-initiation\/yoga-initiation-seance-8\/\"><span style=\"background-color: #ffff00;\"><strong>8 &#8211; Yoga s\u00e9ance 8<\/strong><\/span><\/a><\/p>\n\n\n\n<p><\/p>\n","protected":false},"excerpt":{"rendered":"<p>Cours par vid\u00e9o.Enseignante: Mme Loriane PerriardCliquez sur la s\u00e9ance pour d\u00e9couvrir les vid\u00e9os des exercices. Utilisez le mot de passe imprim\u00e9 sur votre confirmation. 1 &#8211; Yoga s\u00e9ance 1 2 &#8211; Yoga s\u00e9ance 2 3 &#8211; Yoga s\u00e9ance 3 4 &#8211; Yoga s\u00e9ance 4 5 &#8211; Yoga s\u00e9ance 5 6 &#8211; Yoga s\u00e9ance 6 7 [&hellip;]<\/p>\n","protected":false},"author":1,"featured_media":0,"parent":29820,"menu_order":0,"comment_status":"closed","ping_status":"closed","template":"","meta":{"footnotes":""},"class_list":["post-30018","page","type-page","status-publish","hentry"],"_links":{"self":[{"href":"https:\/\/solidarite-handicap.ch\/wordp\/wp-json\/wp\/v2\/pages\/30018","targetHints":{"allow":["GET"]}}],"collection":[{"href":"https:\/\/solidarite-handicap.ch\/wordp\/wp-json\/wp\/v2\/pages"}],"about":[{"href":"https:\/\/solidarite-handicap.ch\/wordp\/wp-json\/wp\/v2\/types\/page"}],"author":[{"embeddable":true,"href":"https:\/\/solidarite-handicap.ch\/wordp\/wp-json\/wp\/v2\/users\/1"}],"replies":[{"embeddable":true,"href":"https:\/\/solidarite-handicap.ch\/wordp\/wp-json\/wp\/v2\/comments?post=30018"}],"version-history":[{"count":10,"href":"https:\/\/solidarite-handicap.ch\/wordp\/wp-json\/wp\/v2\/pages\/30018\/revisions"}],"predecessor-version":[{"id":31067,"href":"https:\/\/solidarite-handicap.ch\/wordp\/wp-json\/wp\/v2\/pages\/30018\/revisions\/31067"}],"up":[{"embeddable":true,"href":"https:\/\/solidarite-handicap.ch\/wordp\/wp-json\/wp\/v2\/pages\/29820"}],"wp:attachment":[{"href":"https:\/\/solidarite-handicap.ch\/wordp\/wp-json\/wp\/v2\/media?parent=30018"}],"curies":[{"name":"wp","href":"https:\/\/api.w.org\/{rel}","templated":true}]}}