{"id":30020,"date":"2021-03-09T11:16:17","date_gmt":"2021-03-09T10:16:17","guid":{"rendered":"http:\/\/solidarite-handicap.ch\/wordp\/?page_id=30020"},"modified":"2021-05-03T09:56:51","modified_gmt":"2021-05-03T07:56:51","slug":"espace-decouvertes","status":"publish","type":"page","link":"https:\/\/solidarite-handicap.ch\/wordp\/liste-des-cours-fcpa\/cours-en-ligne\/espace-decouvertes\/","title":{"rendered":"Espace D\u00e9couvertes"},"content":{"rendered":"\n<p><img loading=\"lazy\" decoding=\"async\" class=\"wp-image-29924 size-full alignleft\" src=\"https:\/\/solidarite-handicap.ch\/wordp\/wp-content\/uploads\/2021\/03\/Capture-de\u0301cran-2021-03-08-a\u0300-17.31.23.png\" alt=\"\" width=\"131\" height=\"115\" srcset=\"https:\/\/solidarite-handicap.ch\/wordp\/wp-content\/uploads\/2021\/03\/Capture-de\u0301cran-2021-03-08-a\u0300-17.31.23.png 131w, https:\/\/solidarite-handicap.ch\/wordp\/wp-content\/uploads\/2021\/03\/Capture-de\u0301cran-2021-03-08-a\u0300-17.31.23-46x40.png 46w, https:\/\/solidarite-handicap.ch\/wordp\/wp-content\/uploads\/2021\/03\/Capture-de\u0301cran-2021-03-08-a\u0300-17.31.23-36x32.png 36w, https:\/\/solidarite-handicap.ch\/wordp\/wp-content\/uploads\/2021\/03\/Capture-de\u0301cran-2021-03-08-a\u0300-17.31.23-48x42.png 48w\" sizes=\"auto, (max-width: 131px) 100vw, 131px\" \/><br>Cours par vid\u00e9o.<br>Animation: <strong>diff\u00e9rent-e-s intervenant-e-s<\/strong><br>Cliquez sur la s\u00e9ance et entrez le mot de passe figurant sur votre confirmation pour d\u00e9couvrir la vid\u00e9o.<\/p>\n\n\n\n<h4><strong><span style=\"background-color: #ffff00;\">S\u00e9ance 4 &#8211; Mercredi 12 mai, de 18h30 \u00e0 19h30 : la photographie animali\u00e8re<br><\/span><\/strong><\/h4>\n<p>Pour vous connecter, <a href=\"https:\/\/us02web.zoom.us\/j\/86470637551?pwd=ZUovMDQ4dXh4ZzJpM1pDUk96TGt3QT09\"><span style=\"background-color: #ffff00;\"><strong>cliquez ici pour rejoindre la s\u00e9ance Zoom le mercredi 12 mai \u00e0 18h30<\/strong><\/span><\/a><strong><br><\/strong><strong><img loading=\"lazy\" decoding=\"async\" class=\"size-medium wp-image-30857 alignleft\" src=\"https:\/\/solidarite-handicap.ch\/wordp\/wp-content\/uploads\/2021\/04\/Capture-de\u0301cran-2021-04-26-a\u0300-10.42.08-300x183.png\" alt=\"\" width=\"300\" height=\"183\" srcset=\"https:\/\/solidarite-handicap.ch\/wordp\/wp-content\/uploads\/2021\/04\/Capture-de\u0301cran-2021-04-26-a\u0300-10.42.08-300x183.png 300w, https:\/\/solidarite-handicap.ch\/wordp\/wp-content\/uploads\/2021\/04\/Capture-de\u0301cran-2021-04-26-a\u0300-10.42.08-1024x624.png 1024w, https:\/\/solidarite-handicap.ch\/wordp\/wp-content\/uploads\/2021\/04\/Capture-de\u0301cran-2021-04-26-a\u0300-10.42.08-768x468.png 768w, https:\/\/solidarite-handicap.ch\/wordp\/wp-content\/uploads\/2021\/04\/Capture-de\u0301cran-2021-04-26-a\u0300-10.42.08-60x37.png 60w, https:\/\/solidarite-handicap.ch\/wordp\/wp-content\/uploads\/2021\/04\/Capture-de\u0301cran-2021-04-26-a\u0300-10.42.08-36x22.png 36w, https:\/\/solidarite-handicap.ch\/wordp\/wp-content\/uploads\/2021\/04\/Capture-de\u0301cran-2021-04-26-a\u0300-10.42.08-48x29.png 48w, https:\/\/solidarite-handicap.ch\/wordp\/wp-content\/uploads\/2021\/04\/Capture-de\u0301cran-2021-04-26-a\u0300-10.42.08-416x253.png 416w, https:\/\/solidarite-handicap.ch\/wordp\/wp-content\/uploads\/2021\/04\/Capture-de\u0301cran-2021-04-26-a\u0300-10.42.08.png 1143w\" sizes=\"auto, (max-width: 300px) 100vw, 300px\" \/><\/strong>M. Luc Brochard, photographe animalier, vous pr\u00e9sentera sa passion et son travail de photographie des animaux sauvages qui habitent les for\u00eats environnantes.<\/p>\n\n\n\n<p><\/p>\n\n\n\n<p><\/p>\n\n\n\n<hr class=\"wp-block-separator alignfull\"\/>\n\n\n\n<p><strong>Les s\u00e9ances pr\u00e9c\u00e9dentes:<\/strong><\/p>\n\n\n\n<p><a href=\"https:\/\/solidarite-handicap.ch\/wordp\/liste-des-cours-fcpa\/cours-en-ligne\/espace-decouvertes\/espace-decouvertes-seance-1\/\">S\u00e9ance 1 &#8211; Cr\u00e9er ses cartes postales, par Mme C\u00e9line Beetschen<\/a><br><a href=\"https:\/\/solidarite-handicap.ch\/wordp\/liste-des-cours-fcpa\/cours-en-ligne\/espace-decouvertes\/espace-decouvertes-seance-2\/\">S\u00e9ance 2 &#8211; Confectionner ses cupcakes, par Mme Claudine Amaron<\/a><br><a href=\"https:\/\/solidarite-handicap.ch\/wordp\/liste-des-cours-fcpa\/cours-en-ligne\/espace-decouvertes\/espace-decouvertes-plongee-en-antarctique\/\">S\u00e9ance 3 &#8211; Plong\u00e9e en Antarctique, par Mme Isabelle Fernandez &#8211; pr\u00e9sentation en direct par Zoom faite le 1er mai 2021<\/a><\/p>\n","protected":false},"excerpt":{"rendered":"<p>Cours par vid\u00e9o.Animation: diff\u00e9rent-e-s intervenant-e-sCliquez sur la s\u00e9ance et entrez le mot de passe figurant sur votre confirmation pour d\u00e9couvrir la vid\u00e9o. S\u00e9ance 4 &#8211; Mercredi 12 mai, de 18h30 \u00e0 19h30 : la photographie animali\u00e8re Pour vous connecter, cliquez ici pour rejoindre la s\u00e9ance Zoom le mercredi 12 mai \u00e0 18h30M. Luc Brochard, photographe [&hellip;]<\/p>\n","protected":false},"author":1,"featured_media":0,"parent":29820,"menu_order":0,"comment_status":"closed","ping_status":"closed","template":"","meta":{"footnotes":""},"class_list":["post-30020","page","type-page","status-publish","hentry"],"_links":{"self":[{"href":"https:\/\/solidarite-handicap.ch\/wordp\/wp-json\/wp\/v2\/pages\/30020","targetHints":{"allow":["GET"]}}],"collection":[{"href":"https:\/\/solidarite-handicap.ch\/wordp\/wp-json\/wp\/v2\/pages"}],"about":[{"href":"https:\/\/solidarite-handicap.ch\/wordp\/wp-json\/wp\/v2\/types\/page"}],"author":[{"embeddable":true,"href":"https:\/\/solidarite-handicap.ch\/wordp\/wp-json\/wp\/v2\/users\/1"}],"replies":[{"embeddable":true,"href":"https:\/\/solidarite-handicap.ch\/wordp\/wp-json\/wp\/v2\/comments?post=30020"}],"version-history":[{"count":20,"href":"https:\/\/solidarite-handicap.ch\/wordp\/wp-json\/wp\/v2\/pages\/30020\/revisions"}],"predecessor-version":[{"id":31151,"href":"https:\/\/solidarite-handicap.ch\/wordp\/wp-json\/wp\/v2\/pages\/30020\/revisions\/31151"}],"up":[{"embeddable":true,"href":"https:\/\/solidarite-handicap.ch\/wordp\/wp-json\/wp\/v2\/pages\/29820"}],"wp:attachment":[{"href":"https:\/\/solidarite-handicap.ch\/wordp\/wp-json\/wp\/v2\/media?parent=30020"}],"curies":[{"name":"wp","href":"https:\/\/api.w.org\/{rel}","templated":true}]}}