{"id":30329,"date":"2021-03-15T12:09:37","date_gmt":"2021-03-15T11:09:37","guid":{"rendered":"http:\/\/solidarite-handicap.ch\/wordp\/?page_id=30329"},"modified":"2021-03-18T11:31:42","modified_gmt":"2021-03-18T10:31:42","slug":"lire-et-ecrire","status":"publish","type":"page","link":"https:\/\/solidarite-handicap.ch\/wordp\/liste-des-cours-fcpa\/cours-en-ligne\/lire-et-ecrire\/","title":{"rendered":"Lire et \u00e9crire"},"content":{"rendered":"\n<p><img loading=\"lazy\" decoding=\"async\" class=\"wp-image-29834 size-full alignleft\" src=\"https:\/\/solidarite-handicap.ch\/wordp\/wp-content\/uploads\/2021\/02\/Capture-de\u0301cran-2021-02-15-a\u0300-11.42.21.png\" alt=\"\" width=\"152\" height=\"143\" srcset=\"https:\/\/solidarite-handicap.ch\/wordp\/wp-content\/uploads\/2021\/02\/Capture-de\u0301cran-2021-02-15-a\u0300-11.42.21.png 152w, https:\/\/solidarite-handicap.ch\/wordp\/wp-content\/uploads\/2021\/02\/Capture-de\u0301cran-2021-02-15-a\u0300-11.42.21-43x40.png 43w, https:\/\/solidarite-handicap.ch\/wordp\/wp-content\/uploads\/2021\/02\/Capture-de\u0301cran-2021-02-15-a\u0300-11.42.21-36x34.png 36w, https:\/\/solidarite-handicap.ch\/wordp\/wp-content\/uploads\/2021\/02\/Capture-de\u0301cran-2021-02-15-a\u0300-11.42.21-48x45.png 48w\" sizes=\"auto, (max-width: 152px) 100vw, 152px\" \/><br \/>Cours en direct.<br \/>Enseignante: <strong>Mme Sylvia Gonzalez<br \/><\/strong><\/p>\n<p><a href=\"https:\/\/unine.webex.com\/unine-fr\/j.php?MTID=m9741e1f78d11f7f88610002d351e6ebd\">Cliquez ici pour vous connecter au cours<\/a>. <br \/>En cas de souci, merci de contacter l&rsquo;enseignante au num\u00e9ro de t\u00e9l\u00e9phone indiqu\u00e9 sur votre confirmation.<\/p>\n<p>Horaire des s\u00e9ances: <strong>18h \u00e0 19h15<\/strong><\/p>\n\n\n\n<p><strong>Les dates du cours<\/strong> :<\/p>\n<ol>\n<li>Mercredi 17 mars 21<\/li>\n<li>Mercredi 24 mars 21<\/li>\n<li>Mercredi 31 mars 21<\/li>\n<\/ol>\n<ul>\n<li><strong>Vacances de P\u00e2ques<\/strong><\/li>\n<\/ul>\n<ol start=\"4\">\n<li>Mercredi 21 avril 21<\/li>\n<li>Mercredi 28 avril 21<\/li>\n<li>Mercredi 05 mai 21<\/li>\n<\/ol>\n<ul>\n<li><strong>Ascension<\/strong><\/li>\n<\/ul>\n<ol start=\"7\">\n<li>Mercredi 19 mai 21<\/li>\n<li>Mercredi 26 mai 21<\/li>\n<li>Mercredi 02 juin 21<\/li>\n<li>Mercredi 09 juin 21<\/li>\n<li>Mercredi 16 juin 21<\/li>\n<li>Mercredi 23 juin 21<\/li>\n<li>Mercredi 30 juin 21<\/li>\n<li>Mercredi 07 juillet 21<\/li>\n<\/ol>\n","protected":false},"excerpt":{"rendered":"<p>Cours en direct.Enseignante: Mme Sylvia Gonzalez Cliquez ici pour vous connecter au cours. En cas de souci, merci de contacter l&rsquo;enseignante au num\u00e9ro de t\u00e9l\u00e9phone indiqu\u00e9 sur votre confirmation. Horaire des s\u00e9ances: 18h \u00e0 19h15 Les dates du cours : Mercredi 17 mars 21 Mercredi 24 mars 21 Mercredi 31 mars 21 Vacances de P\u00e2ques [&hellip;]<\/p>\n","protected":false},"author":1,"featured_media":0,"parent":29820,"menu_order":0,"comment_status":"open","ping_status":"closed","template":"","meta":{"footnotes":""},"class_list":["post-30329","page","type-page","status-publish","hentry"],"_links":{"self":[{"href":"https:\/\/solidarite-handicap.ch\/wordp\/wp-json\/wp\/v2\/pages\/30329","targetHints":{"allow":["GET"]}}],"collection":[{"href":"https:\/\/solidarite-handicap.ch\/wordp\/wp-json\/wp\/v2\/pages"}],"about":[{"href":"https:\/\/solidarite-handicap.ch\/wordp\/wp-json\/wp\/v2\/types\/page"}],"author":[{"embeddable":true,"href":"https:\/\/solidarite-handicap.ch\/wordp\/wp-json\/wp\/v2\/users\/1"}],"replies":[{"embeddable":true,"href":"https:\/\/solidarite-handicap.ch\/wordp\/wp-json\/wp\/v2\/comments?post=30329"}],"version-history":[{"count":4,"href":"https:\/\/solidarite-handicap.ch\/wordp\/wp-json\/wp\/v2\/pages\/30329\/revisions"}],"predecessor-version":[{"id":30484,"href":"https:\/\/solidarite-handicap.ch\/wordp\/wp-json\/wp\/v2\/pages\/30329\/revisions\/30484"}],"up":[{"embeddable":true,"href":"https:\/\/solidarite-handicap.ch\/wordp\/wp-json\/wp\/v2\/pages\/29820"}],"wp:attachment":[{"href":"https:\/\/solidarite-handicap.ch\/wordp\/wp-json\/wp\/v2\/media?parent=30329"}],"curies":[{"name":"wp","href":"https:\/\/api.w.org\/{rel}","templated":true}]}}