{"id":30502,"date":"2021-03-18T16:30:46","date_gmt":"2021-03-18T15:30:46","guid":{"rendered":"http:\/\/solidarite-handicap.ch\/wordp\/?page_id=30502"},"modified":"2021-07-06T11:45:17","modified_gmt":"2021-07-06T09:45:17","slug":"karaoke-groupe-du-mardi","status":"publish","type":"page","link":"https:\/\/solidarite-handicap.ch\/wordp\/liste-des-cours-fcpa\/cours-en-ligne\/karaoke-groupe-du-mardi\/","title":{"rendered":"Karaok\u00e9 &#8211; groupe du mardi"},"content":{"rendered":"\n<p><img loading=\"lazy\" decoding=\"async\" class=\"wp-image-29832  alignleft\" src=\"https:\/\/solidarite-handicap.ch\/wordp\/wp-content\/uploads\/2021\/02\/Capture-de\u0301cran-2021-02-15-a\u0300-11.42.13.png\" alt=\"\" width=\"122\" height=\"115\" srcset=\"https:\/\/solidarite-handicap.ch\/wordp\/wp-content\/uploads\/2021\/02\/Capture-de\u0301cran-2021-02-15-a\u0300-11.42.13.png 155w, https:\/\/solidarite-handicap.ch\/wordp\/wp-content\/uploads\/2021\/02\/Capture-de\u0301cran-2021-02-15-a\u0300-11.42.13-42x40.png 42w, https:\/\/solidarite-handicap.ch\/wordp\/wp-content\/uploads\/2021\/02\/Capture-de\u0301cran-2021-02-15-a\u0300-11.42.13-36x34.png 36w, https:\/\/solidarite-handicap.ch\/wordp\/wp-content\/uploads\/2021\/02\/Capture-de\u0301cran-2021-02-15-a\u0300-11.42.13-48x45.png 48w\" sizes=\"auto, (max-width: 122px) 100vw, 122px\" \/><br>Animateur: <strong>M. Carlos Zeballos<\/strong><br>Horaire: <strong>18h \u00e0 19h<\/strong><\/p>\n\n\n\n<p><strong><a href=\"https:\/\/us02web.zoom.us\/j\/87313584631?pwd=clhpVFJERGpqa21HTklDOUN1MG0rdz09\">Pour vous connecter \u00e0 la s\u00e9ance, cliquez ici.<\/a><\/strong><br>Il est fortement conseill\u00e9 d&rsquo;installer l&rsquo;application Zoom pour avoir une meilleure connexion pendant la s\u00e9ance. Vous pouvez l&rsquo;installer <strong><a href=\"https:\/\/zoom.us\/download\" target=\"_blank\" rel=\"noreferrer noopener\">en cliquant sur ce lien<\/a><\/strong>.<\/p>\n\n\n\n<p class=\"has-vivid-purple-color has-text-color\"><strong>Le cours commence le 30 mars 2021.<\/strong><\/p>\n\n\n\n<p><strong>Groupe du mardi, les dates:<\/strong><\/p>\n<ol>\n<li>Mardi 30 mars 21<\/li>\n<\/ol>\n<ul>\n<li>Vacances de P\u00e2ques<\/li>\n<\/ul>\n<ol start=\"2\">\n<li>Mardi 20 avril 21<\/li>\n<li>Mardi 27 avril 21<\/li>\n<li>Mardi 04 mai 21<\/li>\n<li>Mardi 11 mai 21<\/li>\n<li>Mardi 18 mai 21<\/li>\n<li>Mardi 25 mai 21<\/li>\n<li>Mardi 01 juin 21<\/li>\n<li>Mardi 08 juin 21<\/li>\n<li>Mardi 15 juin 21<\/li>\n<li>Mardi 22 juin 21<\/li>\n<li>Mardi 29 juin 21<\/li>\n<li>S\u00e9ance suppl\u00e9mentaire le mardi 6 juillet 21<\/li>\n<\/ol>\n\n\n\n<p><\/p>\n","protected":false},"excerpt":{"rendered":"<p>Animateur: M. Carlos ZeballosHoraire: 18h \u00e0 19h Pour vous connecter \u00e0 la s\u00e9ance, cliquez ici.Il est fortement conseill\u00e9 d&rsquo;installer l&rsquo;application Zoom pour avoir une meilleure connexion pendant la s\u00e9ance. Vous pouvez l&rsquo;installer en cliquant sur ce lien. Le cours commence le 30 mars 2021. Groupe du mardi, les dates: Mardi 30 mars 21 Vacances de [&hellip;]<\/p>\n","protected":false},"author":2,"featured_media":0,"parent":29820,"menu_order":0,"comment_status":"open","ping_status":"closed","template":"","meta":{"footnotes":""},"class_list":["post-30502","page","type-page","status-publish","hentry"],"_links":{"self":[{"href":"https:\/\/solidarite-handicap.ch\/wordp\/wp-json\/wp\/v2\/pages\/30502","targetHints":{"allow":["GET"]}}],"collection":[{"href":"https:\/\/solidarite-handicap.ch\/wordp\/wp-json\/wp\/v2\/pages"}],"about":[{"href":"https:\/\/solidarite-handicap.ch\/wordp\/wp-json\/wp\/v2\/types\/page"}],"author":[{"embeddable":true,"href":"https:\/\/solidarite-handicap.ch\/wordp\/wp-json\/wp\/v2\/users\/2"}],"replies":[{"embeddable":true,"href":"https:\/\/solidarite-handicap.ch\/wordp\/wp-json\/wp\/v2\/comments?post=30502"}],"version-history":[{"count":7,"href":"https:\/\/solidarite-handicap.ch\/wordp\/wp-json\/wp\/v2\/pages\/30502\/revisions"}],"predecessor-version":[{"id":31185,"href":"https:\/\/solidarite-handicap.ch\/wordp\/wp-json\/wp\/v2\/pages\/30502\/revisions\/31185"}],"up":[{"embeddable":true,"href":"https:\/\/solidarite-handicap.ch\/wordp\/wp-json\/wp\/v2\/pages\/29820"}],"wp:attachment":[{"href":"https:\/\/solidarite-handicap.ch\/wordp\/wp-json\/wp\/v2\/media?parent=30502"}],"curies":[{"name":"wp","href":"https:\/\/api.w.org\/{rel}","templated":true}]}}